{"id":267782,"date":"2026-01-07T19:21:29","date_gmt":"2026-01-07T19:21:29","guid":{"rendered":"https:\/\/www.studio.eklozia.fr\/bocauxco\/?post_type=project&#038;p=267782"},"modified":"2026-03-31T14:05:01","modified_gmt":"2026-03-31T14:05:01","slug":"sensibilisation-impact-du-verre-7","status":"publish","type":"project","link":"https:\/\/www.studio.eklozia.fr\/bocauxco\/animation\/sensibilisation-impact-du-verre-7\/","title":{"rendered":"L\u2019enVerre du d\u00e9cor"},"content":{"rendered":"\n<p>Depuis plusieurs ann\u00e9es, le verre et toutes ses utilisations sont devenues \u00ab&nbsp;un acquis&nbsp;\u00bb pour la quasi-totalit\u00e9 de la population.<\/p>\n\n\n\n<p>On l\u2019ach\u00e8te en faisant ses courses, quand on prend des l\u00e9gumes en bocal par exemple. On ach\u00e8te aussi des verres pour boire. Etc. Ensuite on l\u2019emporte \u00e0 la cloche \u00e0 verre ou \u00e0 la d\u00e9chetterie (dans le meilleur des cas\u2026)<\/p>\n\n\n\n<p>Mais que devient-il ensuite ? Est-ce qu\u2019il est recycl\u00e9 en totalit\u00e9 ? Et \u00e0 la base, comment a-t-on fabriqu\u00e9 ce verre ? Et pourquoi on le jette directement d\u2019ailleurs ? A-t-on toujours proc\u00e9d\u00e9 ainsi ?<\/p>\n\n\n\n<p>Vous \u00eates d\u00e9j\u00e0 pos\u00e9 l\u2019une de ses questions ? Vous \u00eates curieux de mieux comprendre les enjeux qui entourent ce myst\u00e9rieux mat\u00e9riau ?<\/p>\n\n\n\n<p>Venez en apprendre plus avec cet atelier m\u00e9langeant th\u00e9orie, jeux et pratique !<\/p>\n\n\n\n<p><strong>Programme :<\/strong><\/p>\n\n\n\n<ul class=\"wp-block-list\">\n<li>mieux comprendre le sujet de la gestion des d\u00e9chets en France<\/li>\n\n\n\n<li>appr\u00e9hender l\u2019impact environnemental du verre et ses enjeux<\/li>\n\n\n\n<li>questionner nos modes de consommation contemporains<\/li>\n\n\n\n<li>d\u00e9couvrir les solutions qui permettent aujourd\u2019hui de r\u00e9duire l\u2019impact de l\u2019industrie du verre<\/li>\n<\/ul>\n","protected":false},"excerpt":{"rendered":"<p>03 juin 2026<\/p>\n","protected":false},"author":2,"featured_media":267786,"comment_status":"open","ping_status":"closed","template":"","meta":{"_et_pb_use_builder":"","_et_pb_old_content":"","_et_gb_content_width":"","footnotes":""},"project_category":[43],"project_tag":[],"class_list":["post-267782","project","type-project","status-publish","has-post-thumbnail","hentry","project_category-animations-annee"],"_links":{"self":[{"href":"https:\/\/www.studio.eklozia.fr\/bocauxco\/wp-json\/wp\/v2\/project\/267782","targetHints":{"allow":["GET"]}}],"collection":[{"href":"https:\/\/www.studio.eklozia.fr\/bocauxco\/wp-json\/wp\/v2\/project"}],"about":[{"href":"https:\/\/www.studio.eklozia.fr\/bocauxco\/wp-json\/wp\/v2\/types\/project"}],"author":[{"embeddable":true,"href":"https:\/\/www.studio.eklozia.fr\/bocauxco\/wp-json\/wp\/v2\/users\/2"}],"replies":[{"embeddable":true,"href":"https:\/\/www.studio.eklozia.fr\/bocauxco\/wp-json\/wp\/v2\/comments?post=267782"}],"version-history":[{"count":2,"href":"https:\/\/www.studio.eklozia.fr\/bocauxco\/wp-json\/wp\/v2\/project\/267782\/revisions"}],"predecessor-version":[{"id":267892,"href":"https:\/\/www.studio.eklozia.fr\/bocauxco\/wp-json\/wp\/v2\/project\/267782\/revisions\/267892"}],"wp:featuredmedia":[{"embeddable":true,"href":"https:\/\/www.studio.eklozia.fr\/bocauxco\/wp-json\/wp\/v2\/media\/267786"}],"wp:attachment":[{"href":"https:\/\/www.studio.eklozia.fr\/bocauxco\/wp-json\/wp\/v2\/media?parent=267782"}],"wp:term":[{"taxonomy":"project_category","embeddable":true,"href":"https:\/\/www.studio.eklozia.fr\/bocauxco\/wp-json\/wp\/v2\/project_category?post=267782"},{"taxonomy":"project_tag","embeddable":true,"href":"https:\/\/www.studio.eklozia.fr\/bocauxco\/wp-json\/wp\/v2\/project_tag?post=267782"}],"curies":[{"name":"wp","href":"https:\/\/api.w.org\/{rel}","templated":true}]}}

L’enVerre du décor

<p>Depuis plusieurs années, le verre et toutes ses utilisations sont devenues «&nbsp;un acquis&nbsp;» pour la quasi-totalité de la population.</p>



<p>On l’achète en faisant ses courses, quand on prend des légumes en bocal par exemple. On achète aussi des verres pour boire. Etc. Ensuite on l’emporte à la cloche à verre ou à la déchetterie (dans le meilleur des cas…)</p>



<p>Mais que devient-il ensuite ? Est-ce qu’il est recyclé en totalité ? Et à la base, comment a-t-on fabriqué ce verre ? Et pourquoi on le jette directement d’ailleurs ? A-t-on toujours procédé ainsi ?</p>



<p>Vous êtes déjà posé l’une de ses questions ? Vous êtes curieux de mieux comprendre les enjeux qui entourent ce mystérieux matériau ?</p>



<p>Venez en apprendre plus avec cet atelier mélangeant théorie, jeux et pratique !</p>



<p><strong>Programme :</strong></p>



<ul class="wp-block-list">
<li>mieux comprendre le sujet de la gestion des déchets en France</li>



<li>appréhender l’impact environnemental du verre et ses enjeux</li>



<li>questionner nos modes de consommation contemporains</li>



<li>découvrir les solutions qui permettent aujourd’hui de réduire l’impact de l’industrie du verre</li>
</ul>
